t y(a) = -a + 2. Let i be y(-18). Let n(x) = x**3 - 21*x**2 + 23*x - 7. Let z be n(i). Let w = z - -101. Calculate the highest common factor of w and 14.
14
Let i be 60/240*(115 + 1). Let d = -72 - -130. What is the highest common factor of i and d?
29
Let v be ((-6)/9 - 0) + 74/3. Suppose h - 88 = -4*x, h - v - 18 = -2*x. What is the highest common factor of x and 69?
23
Suppose 3*w + 276 = i, 3*w = 3*i - 364 - 452. Let n(t) = 3*t**2 + 39*t - 12. Let j be n(-14). Calculate the highest common factor of j and i.
30
Suppose -2*v - 114 = 3*b, 6*b = 3*b - 4*v - 114. Let g = b + 57. Calculate the greatest common divisor of g and 57.
19
Suppose 5*s - 5*r = 3015, 1 = r - 2. Suppose 2*v - s = -3*d - d, 0 = -4*d + 4*v + 612. Calculate the greatest common divisor of 8 and d.
8
Let n = 39 - 35. Suppose 59 + 16 = 3*h. Let t be (-1)/2 + h/2. Calculate the highest common divisor of t and n.
4
Suppose -4*v + 22 = -2*o + 70, v = -4*o + 114. Calculate the greatest common factor of 56 and o.
28
Let r = -65 - -109. What is the highest common factor of r and 77?
11
Let h be (-12 - -9 - -4)*285. What is the greatest common divisor of h and 19?
19
Suppose 2*c - 4 = -0*c. Suppose 0 = c*b - 30 + 6. Suppose -2*y - b = -3*y. Calculate the highest common factor of y and 24.
12
Let v be (-162)/(-21) - (-6)/21. Let p be 2/8 - (-39)/(-12). Let l be (-66)/v*16/p. What is the greatest common factor of l and 4?
4
Suppose -2*i + 20 = r, 3*r = 5*r - i - 60. Let d = -1448 + 1455. What is the greatest common divisor of d and r?
7
Let v = 27 - -698. Calculate the greatest common factor of 29 and v.
29
Let f be 340/15 - 4/(-3). Let s be (-563)/(-3) - 16/f. Let c = 48 - 31. What is the highest common factor of c and s?
17
Let d be 5 - -28 - (-6)/(-6). Calculate the highest common divisor of d and 48.
16
Let y = -304 - -409. Calculate the highest common divisor of 14 and y.
7
Suppose 4*x = 7*x + 366. Let l = -71 - x. Let y = 109 - 75. Calculate the highest common divisor of l and y.
17
Let p = -1646 + 1656. Suppose -15 = -f + 5*g - 3*g, -5 = g. Let m = f + -3. Calculate the highest common divisor of m and p.
2
Suppose -5*z = -7*z. Suppose 4*k - 6 + 50 = z. Let o be (-6)/(4 - 2) - k. What is the highest common factor of 12 and o?
4
Let k be -4 + 8 + 2 + 0. Suppose 2 = k*b - 262. Calculate the greatest common divisor of 22 and b.
22
Suppose -t - 425 = -5*x, 370 = 4*x + t + 39. What is the greatest common divisor of 1050 and x?
42
Let c = -436 - -508. What is the greatest common factor of 696 and c?
24
Let l = -9 + 13. Suppose 4*i = -2*u - 30 - 24, 3*u + 79 = -l*i. Let j = -12 - u. Calculate the highest common divisor of j and 52.
13
Let f be -3 + 3 + -5*3. Let o = 7 - f. Calculate the highest common divisor of o and 33.
11
Let n be 103 - (3 + 8 + -2). Calculate the greatest common factor of n and 658.
94
Let p = 104 + -100. Suppose -3*h - 33 = -r, -3*h + p = r + 1. Suppose -4*g - 2*m = -27 - 127, -149 = -4*g - m. What is the greatest common divisor of g and r?
18
Let y be (-16)/6*(105/2)/(-7). Let l = 89 - 64. Let p = l - 15. Calculate the highest common divisor of y and p.
10
Let i be -2*((2 - -1) + -11). Suppose -4*g - 1921 = -5441. Suppose -5*u + f + 0*f = -g, -5*f - 880 = -5*u. What is the highest common factor of u and i?
16
Let h(a) = 3*a**2 - 2*a - 5. Suppose 4*l - 3*g - g = 16, -g = 4. Suppose 20 = -4*t - l*t. Let d be h(t). What is the highest common divisor of d and 32?
16
Let w(j) = -j**3 + 23*j**2 + j + 52. Let t be w(8). Calculate the greatest common factor of t and 60.
60
Suppose -128 - 64 = -8*n. What is the highest common factor of 456 and n?
24
Let g(x) = -x**2 + 38*x + 308. Let o be g(43). Calculate the highest common factor of o and 651.
93
Let c be 7 + -1 + -2 + 3. Let s(v) = -7 + 0*v**2 + 4*v + 11*v + 0*v**2 - v**2. Let h be s(8). What is the greatest common divisor of h and c?
7
Let h = 3 + 192. Calculate the greatest common divisor of 15 and h.
15
Let z(u) = u**2 + 10*u - 3. Let q be z(-15). Let s(x) = x**2 - 7*x. Let f be s(8). Suppose 32 = -4*v + f*v. What is the greatest common divisor of q and v?
8
Let m(n) = 75*n**2 + n. Let k be m(-1). Let l be (-10)/(-2)*(-5 + (-6)/(-1)). Let o be l/15 + 664/6. Calculate the greatest common divisor of k and o.
37
Let i = -129 + 553. Suppose -7*t + 122 = -i. What is the greatest common factor of t and 26?
26
Let t be (-6)/(252/(-3390)) + 8/28. Calculate the greatest common divisor of t and 6.
3
Suppose -306*u = -305*u - 96. Calculate the greatest common factor of u and 24.
24
Let g = -7 + 11. Suppose g*j = 2*j + 10. Let k(w) = 4*w**2 + w - 4. Let r be k(-2). Calculate the highest common factor of r and j.
5
Suppose -11 + 25 = n. Suppose 4*u + 2 - n = 0. Suppose -93 = -u*m + 285. Calculate the highest common factor of m and 18.
18
Let w(s) = 29*s**3 + 7*s - 8. Let z be w(1). What is the highest common factor of 112 and z?
28
Let k be 6*(-3)/6*5. Let d be (-9)/((k/(-14))/5). Let y = d + 99. Calculate the greatest common factor of y and 38.
19
Let l be ((-3)/(-2))/((-5)/(-150)). Let x(n) = -7*n + 5. Let o be x(0). Calculate the highest common divisor of l and o.
5
Let x(m) = -m**3 + 16*m**2 + m - 14. Let b = -19 - -35. Let t be x(b). Let j be 4/(-10) + 164/10. What is the greatest common factor of t and j?
2
Let c be (7/(-28))/(2/(-248)). What is the greatest common factor of 248 and c?
31
Let l be (-6)/21 - (-936)/42. Calculate the highest common divisor of l and 352.
22
Let t = 135 - 118. What is the greatest common divisor of t and 34?
17
Let j = 41 + 6. Calculate the greatest common divisor of j and 94.
47
Let a(u) = 14 + 9*u + 4*u**2 + 2*u**2 - 5*u**2. Let o be a(-10). Let v = o + -13. What is the highest common factor of 99 and v?
11
Suppose 51 = 5*r - u, -17*r + 14*r + 5*u + 35 = 0. What is the greatest common divisor of 470 and r?
10
Let j = 22 - -26. Suppose -5*t + 44 = -86. Let g = t + -14. What is the highest common divisor of j and g?
12
Suppose w - 27 = -1. Let m = 10 - w. Let l be -4 - (-4)/(m/(-316)). What is the highest common factor of 30 and l?
15
Let z be ((-3)/(-4))/(18/72) - 0. What is the greatest common divisor of z and 33?
3
Suppose o - h - 87 = 0, 3*o + 5*h = 2*h + 243. What is the greatest common divisor of o and 12?
12
Let f(h) = -3*h - 6. Let s be f(-7). Let q(i) = -i + 26. Let m be q(11). Suppose -7*o + 10*o = m. What is the greatest common divisor of o and s?
5
Suppose -2*l = -3*l - 2*r + 210, 0 = -l - 4*r + 212. Calculate the highest common factor of 48 and l.
16
Let w = -22 + 22. Suppose 3*c - l - 29 = -w*l, -5*l = -c + 5. Let b be -5*(0 - 22/c). What is the greatest common factor of b and 11?
11
Let x = 355 - 353. Let f(d) = 5*d**2 + d + 1. Let u be f(-1). What is the greatest common divisor of x and u?
1
Suppose -g + 9 = 2*h - 2*g, 3*g + 15 = 0. Let o be 1 - h - (-6 - 49). What is the greatest common divisor of 6 and o?
6
Suppose 0 = -2*w - 3*z + 241, 620 = 13*w - 8*w + 4*z. Calculate the highest common factor of 2368 and w.
64
Suppose 6*k = k. Suppose k = 4*o - 2*o - 10. Suppose -2*m + 29 = o*x, -5*m = -3*x + 2*x - 32. Calculate the greatest common factor of m and 28.
7
Let h be 2948/24 + (-6)/(-36). Suppose 69 + h = 4*u. Calculate the greatest common factor of u and 16.
16
Let x(h) = 6*h - 74. Let c be x(21). What is the highest common divisor of c and 13?
13
Let b = 403 + -227. Let h be -1 + -1 + 3*8. Calculate the greatest common factor of b and h.
22
Let w be 1*(-5)/(15/(-6)). Suppose w*a + 5*v - v - 8 = 0, 5*v - 9 = -3*a. Let f = a - -3. What is the highest common factor of f and 7?
1
Let g = -1599 + 1613. What is the greatest common factor of g and 343?
7
Let f(k) = 9*k - 12. Let y be f(9). Let t(n) = -7*n - 66. Let w be t(-16). Calculate the greatest common divisor of w and y.
23
Let s = -53 - -12. Let o = 44 - s. Suppose 0 = -3*l + 5*d + 115, -2*d - o = -5*l + 113. What is the highest common divisor of l and 8?
8
Suppose -45*q = -43*q - 144. Calculate the highest common divisor of q and 276.
12
Let c(f) = 4*f**2 - 2*f - 2. Let y be c(-3). Suppose v + 0 = -4. Let z be (4 - 2)*(v - -8). What is the highest common factor of y and z?
8
Let y be 26/195 - (-146)/30. Suppose -l - 16 = -y*z, -4*z = -11 - 9. Suppose 5*v + 868 = l*v. What is the highest common factor of 31 and v?
31
Let u 